 - -5 - (1 - 4).
-3
3 + (-3 - (-4 + 3))
1
69 - 75 - (-13 + 2)
5
What is the value of -10 + 7 + 12 + -13?
-4
Evaluate 6 - (1 + 6 + -4).
3
What is the value of (0 - -7) + -9 + 0?
-2
Evaluate (-3 - -2 - -8) + -2 + -2.
3
What is -3 - (10 + -17) - 6?
-2
-4 - (-6 - 0) - (6 + 2)
-6
What is 11 - ((11 - -4) + 4)?
-8
1 + 4 + -5 + 4
4
Calculate 7 + (1 - 6) - -4.
6
Calculate 0 + -9 + 11 - 1.
1
Calculate 1 + -11 + (11 - -5).
6
1 + (6 - 5) + 0
2
Evaluate -2 + (5 - 4) - (-2 - 0).
1
Evaluate 3 - 10 - (-10 + (6 - 3)).
0
(-2 + 1 - (-1 - -8)) + 4
-4
Calculate 0 - (2 + 3 - 8).
3
What is the value of (7 - 3) + -3 + -2?
-1
What is 0 + (-5 - -10 - 8) + -2?
-5
Calculate 3 + -3 + (0 - 1).
-1
Calculate 0 - ((-7 - -11) + -11).
7
-6 - (-7 - -2) - 4
-5
-9 + -2 - (-26 - -19)
-4
Evaluate -2 - -1 - (-11 + 4 - -2).
4
-20 - -13 - -5 - (2 + 1)
-5
-1 - 1 - (17 - 15)
-4
What is the value of 7 + -3 + -5 + 3 + 4?
6
What is the value of -10 + (3 - 2) + 2 + 2?
-5
Calculate (44 - 22 - 16) + (-1 - 6).
-1
Calculate (2 + 5 - (-6 + 7)) + -2.
4
What is (34 - 32) + -2 + 3 + 1?
4
Calculate 6 - 7 - (-2 - -2) - -2.
1
Evaluate 25 - (1 - -22) - (7 + -1).
-4
1 + 2 + (13 - 12) - 6
-2
What is -4 + 1 - (-18 + 15)?
0
Evaluate -5 - (-3 + -2 + 4).
-4
What is 5 - (0 + -7 - (-54 - -42))?
0
What is the value of 1 + -3 + (5 - (13 + -8))?
-2
Calculate -1 + 7 + -2 + -3.
1
Evaluate -3 + (-3 - -5 - 4).
-5
What is -2 + -2 + (-1 - 0)?
-5
-3 - (-4 + 0 - -4)
-3
Evaluate (-2 - -4) + 1 - (78 + -66).
-9
What is 6 + -11 + 12 + -3 + -12?
-8
-1 + (0 - -4) + 0
3
(-1 - 5) + -19 + 20
-5
What is (0 - -2 - 0) + -1?
1
4 + -8 + -1 + 3
-2
What is 2 - (1 - (-1 + -2))?
-2
Evaluate -1 + 0 + (-3 - (-1 - 1)).
-2
What is -13 + 5 + -3 + 17?
6
9 + -1 + 3 + -6
5
What is -4 - ((18 - 9) + -15)?
2
Evaluate (4 - -1) + -2 + -3.
0
Calculate 6 + 0 - ((9 - 8) + 5).
0
-2 - (-1 + 4 + -3)
-2
What is (8 - (7 - -2)) + 0?
-1
1 - -2 - (2 + 0)
1
-1 + 1 + 2 + -1 - 0
1
Calculate -7 - (1 - (7 + -5)).
-6
3 + -17 - (32 - 41)
-5
1 - -1 - (-4 + 7)
-1
-1 + -10 + 5 + -4 - -6
-4
What is the value of (7 - (9 + -11)) + (0 - 5)?
4
What is the value of 12 + 8 + -15 + -2?
3
Calculate 2 + -9 + (10 - 9).
-6
What is the value of -3 - (5 + -2) - (-5 + 1)?
-2
What is the value of -3 + (19 - 1 - 7)?
8
4 + (-5 - (-3 - -1 - 6))
7
Calculate 1 + -10 + -2 + 45 + -41.
-7
What is -7 - 0 - (11 - (-15 + 30))?
-3
-5 + (-2 + 5 - -2) + 3
3
Evaluate -2 - (3 + -1 + (8 - 5)).
-7
-4 - (12 + -13) - -13
10
What is the value of -1 + (-4 - -2) - (-6 - -4)?
-1
What is the value of -3 - (5 - 5 - (2 + -1))?
-2
Evaluate (-1 - -1) + (17 - (19 + 1)).
-3
Calculate -7 + (-2 - (11 + -6 - 6)).
-8
-7 + 3 + 0 + -8 + 7
-5
Evaluate 91 - 97 - (-6 - 0).
0
What is the value of 1 + 7 + -3 + 0?
5
What is -10 + (6 + -8 - -9)?
-3
What is -4 + 4 - (-3 - -4)?
-1
What is 24 + (-4 - 8) - 10?
2
Evaluate (4 - 3) + -2 + 5 + -8.
-4
What is -1 + 2 + 3 + (-3 - -2)?
3
What is 1 + 1 + 0 + -6?
-4
Evaluate 0 - 10 - ((19 - 14) + -12).
-3
What is the value of (-5 - -3) + (1 - 1) + 2?
0
Evaluate -12 + 9 - (2 - 0 - 5).
0
Evaluate (2 - 6 - -1) + -1.
-4
Calculate -3 + 3 + -2 + 2 + -3.
-3
Evaluate -16 + (-6 - -7) - -6 - -2.
-7
Evaluate -5 - (6 - (-6 - (-17 - 5))).
5
5 - (7 + 1 - (-21 + 20))
-4
What is -1 + (7 - 14 - -5)?
-3
-11 + (3 - -11) + -8
-5
Evaluate (0 - 8) + -122 + 129.
-1
-4 - (2 - 4 - -1)
-3
Calculate (-4 - (0 + -3)) + 0 - 3.
-4
Evaluate (2 - 8) + 7 + (-4 - -3).
0
(-2 + 8 - (-2 + 1)) + -15
-8
What is -7 + (0 - (6 - 19))?
6
33 + -31 + -5 + 1 + 4
2
-3 - -4 - -1 - (-1 + 7)
-4
(5 - 7) + -1 + 0
-3
What is 3 - (-5 + 1 + 2 - -2)?
3
-5 + -4 + (4 - -3)
-2
4 - 0 - (2 + -2) - 1
3
What is 9 - -1 - (-6 - (-6 - 5))?
5
What is the value of 3 - ((6 - 5) + 2 - -1)?
-1
Evaluate -4 - 0 - (8 + -4 + -7).
-1
What is the value of -1 + 2 + (1 - 5) + 0?
-3
Evaluate 4 - ((2 - -2 - -2) + 2).
-4
Calculate (-155 - -161) + -1 + 1 + -15.
-9
What is the value of 29 + -28 - (1 - 1 - 0)?
1
Evaluate 0 - (1 + 1 + -5 - 2).
5
What is 15 + -16 + (2 - 4) + 3?
0
Calculate -6 + -1 + 2 - -5.
0
What is -1 + -4 - -1 - -4?
0
Evaluate -4 + -2 + 1 + (7 - 1).
1
2 + 0 + -3 - -1
0
-3 + -15 + 19 + (-2 - -3)
2
What is 3 - (-2 + 4 + -2 + 3)?
0
Evaluate 0 + 3 + (-3 - 3) - -11.
8
What is the value of -6 - (4 - (10 - 1))?
-1
Calculate 1 + -4 + 3 + 4.
4
What is the value of 2 - (0 + 1 + -2 + 3)?
0
-4 + 4 + (0 - 0)
0
Evaluate (9 - 10) + -6 + -2.
-9
(-7 - -7) + 1 + 3
4
-4 - (-5 - -2) - (1 - -3)
-5
What is the value of 7 - 4 - 5 - 2?
-4
3 + 3 + (1 + -1 - 5)
1
Evaluate -6 + (-23 - -26) + -2 + 1.
-4
Evaluate -2 + 11 + 9 + -22.
-4
What is the value of (2 - -3) + 3 + 1?
9
Calculate (3 - (2 + -6)) + -1.
6
What is the value of 1 + 1 - (28 + -29)?
3
Calculate (8 - 0) + 28 + -32.
4
4 - (1 - -1) - (-7 - -10)
-1
Calculate -8 + -2 + (6 + -7 - -5).
-6
What is the value of -4 + 0 + (0 - 3) + 2?
-5
What is 2 + (-8 - 4) + 13?
3
(-2 - -6) + (-1 - 3) + -3
-3
Evaluate 3 - 1 - -3 - (-1 - 2).
8
What is the value of 2 + 1 + 5 + -11?
-3
Evaluate 6 - 3 - (-1 + 8).
-4
Evaluate 8 + 5 + (-12 - 2).
-1
What is 72 + -81 - (-1 + -5)?
-3
Evaluate 1 - (2 + (-2 - 1) + 0).
2
Calculate (3 + -4 - -6) + -9.
-4
Calculate -9 + (4 - -11) - 3.
3
What is 16 + -2 + 0 + -3 + -5?
6
What is (-2 + -2 - -3) + -23 + 26?
2
Evaluate 1 + 0 + (2 - (1 - -1)).
1
What is -2 + (0 - (3 + -3))?
-2
18 + -14 + (-1 - 0)
3
3 - (-7 + (0 - (-3 + -2)))
5
Evaluate (-2 + 0 - -1) + 0 - -2.
1
Evaluate (1 - 2) + (9 - 7).
1
Calculate -8 + 7 + 5 + -4.
0
Calculate (-5 - -14) + (-7 - 10).
-8
Calculate -3 + 3 - (-1 + 0 + -1).
2
What is the value of -5 + (11 - (-5 + 9))?
2
Calculate -1 + 10 - (-11 - -19).
1
What is the value of -3 + 10 + (-11 - -1)?
-3
What is (17 - 3) + 4 + -13?
5
Evaluate -1 + 5 - (-1 + 18 + -18).
5
What is -10 + (7 - (5 + -4))?
-4
Calculate (1 - 4) + 0 - 2.
-5
Evaluate -2 + -5 + 14 - 3.
4
Evaluate 9 + -14 + 4 + 10.
9
What is -1 - (6 + -11 - -11)?
-7
What is 0 + 1 + 5 - 2 - 3?
1
-16 + 9 - (-1 - 1)
-5
22 - (-1 + 14) - 8
1
(-1 + 4 - 5) + 4 - -1
3
What is 0 - 3 - (0 - 4)?
1
Evaluate -13 + 6 - -6 - (0 - -4).
-5
Calculate 5 + -1 + (-1 + 2 - 8).
-3
Evaluate 3 + 8 + -19 - -11.
3
What is the value of -24 + 14 + (9 - 2)?
-3
Calculate -2 - 1 - (-5 + -8 + 21).
-11
Calculate 3 + -6 - -5 - -3.
5
What is the value of -2 + -7 - (8 + -12)?
-5
Calculate -2 - 2 - (9 + -4 - 6).
-3
Calculate -9 - -17 - (10 + 2).
-4
What is the value of 5 - 11 - 3 - -4?
-5
What is 7 - (-1 - 3 - (0 - 13))?
-2
Calculate 1 + -5 + 6 + -1 + -1.
0
What is the value of (-4 - (-4 + -2 + 2)) + -2?
-2
Calculate -4 + (2 - (-4 - (1 + 0))).
3
What is (-3 - -10) + -14 + -2 + 2?
-7
What is the value of 2 + 3 + -2 + 2 + -10?
-5
What is -1 + 9 + -7 + 2 + 2?
5
What is 18 + -21 - (-1 - -1)?
-3
Evaluate (-4 - 6) + -4 + 11 + -2.
-5
50 + -50 - ((1 - 1) + -1)
1
What is the value of 2 - (5 + -2 - 0)?
-1
2 - (-9 - -1 - -5)
5
What is the value of -1 + 1 - (11 + -16)?
5
What is 13 + 7 + (5 - 21 - -4)?
8
-1 + (4 - (5 - -2)) - -4
0
What is 6 + -11 + (-1 - -1 - -4)?
-1
What is the value of 4 + (-3 - (1 + -3))?
3
Evaluate (3 - 5) + 4 + 1.
3
What is the value of 2 + 4 + 0 + -4?
2
Calculate (1 - 6) + 3 + 3.
1
Evaluate 15 - 9 - (14 + -4).
-4
1 - (-3 - (-6 - -8))
6
Calculate -4 + 7 + -4 + -2.
-3
What is the value of 10 + -18 + (3 - -6)?
1
3 + 9 + -1 - 5
6
Calculate 1 - ((-4 - -12) + -11).
4
What is the value of (2 - -3) + (-38 - -32)?
-1
12 - ((11 - 5) + 0)
6
Calculate -5 - 7 - (-6 + -2).
-4
What is the value of 6 - (9 - -1) - (-4 + -1)?
1
What is the value of 6 + -2 - (5 - (-13 - -10))?
-4
What is the value of -4 + (5 - -2) - -2?
5
(9 - (-4 + 9)) + (13 - 19)
-2
What is the value of -5 + -1 + (6 - -2)?
2
Calculate (7 - (-6 + 9 + 1)) + -8.
-5
Calculate 3 + (2 - 4) + 1.
2
What is the value of -2 + (-6 - -2 - -5 - 1)?
-2
Evaluate -1 + 7 + 0 + 5 + -5.
6
What is the value of -16 + 2 + 4 + (-1 - -3)?
-8
1 - (-8 - (-1 - 6)) - 4
-2
What is 16 + (-20 - -7) + 1 + 0?
4
What is 3 + -8 - (3 + -3) - -11?
6
Calculate (1 - (-3 + 5)) + 2 - 4.
-3
(5 - 3) + 4 - 4
2
31 + -31 - (2 - 0)
-2
(-4 - -8) + (-16 - -8)
-4
What is 6 - (-9 - (-14 + 1))?
2
Evaluate (-44 - -43) + (0 - 7).
-8
What is the value of 4 + -6 + 3 - -4?
5
What is the value of -7 + (4 - 1 - -5)?
1
What is the value of -7 - (1 + 1 + -13)?
4
Calculate -11 - (-4 - (6 - (1 + 7))).
-9
What is the value of -6 + (-7 - (-5 - 3))?
-5
What is the value of (0 + 5 - (17 + -7))